{"id":286,"date":"2022-08-15T13:46:12","date_gmt":"2022-08-15T11:46:12","guid":{"rendered":"http:\/\/localhost\/wordpress\/?page_id=286"},"modified":"2023-04-02T20:17:37","modified_gmt":"2023-04-02T18:17:37","slug":"286-2","status":"publish","type":"page","link":"https:\/\/www.gyn-guenther.de\/?page_id=286","title":{"rendered":"Impressum"},"content":{"rendered":"\t\t<div data-elementor-type=\"wp-page\" data-elementor-id=\"286\" class=\"elementor elementor-286\">\n\t\t\t\t\t\t\t\t\t<section class=\"elementor-section elementor-top-section elementor-element elementor-element-011a5e7 elementor-section-boxed elementor-section-height-default elementor-section-height-default\" data-id=\"011a5e7\" data-element_type=\"section\">\n\t\t\t\t\t\t<div class=\"elementor-container elementor-column-gap-default\">\n\t\t\t\t\t<div class=\"elementor-column elementor-col-100 elementor-top-column elementor-element elementor-element-d8625b6\" data-id=\"d8625b6\" data-element_type=\"column\">\n\t\t\t<div class=\"elementor-widget-wrap elementor-element-populated\">\n\t\t\t\t\t\t\t\t<div class=\"elementor-element elementor-element-24d9648 elementor-widget elementor-widget-heading\" data-id=\"24d9648\" data-element_type=\"widget\" data-widget_type=\"heading.default\">\n\t\t\t\t<div class=\"elementor-widget-container\">\n\t\t\t<style>\/*! elementor - v3.14.0 - 26-06-2023 *\/\n.elementor-heading-title{padding:0;margin:0;line-height:1}.elementor-widget-heading .elementor-heading-title[class*=elementor-size-]>a{color:inherit;font-size:inherit;line-height:inherit}.elementor-widget-heading .elementor-heading-title.elementor-size-small{font-size:15px}.elementor-widget-heading .elementor-heading-title.elementor-size-medium{font-size:19px}.elementor-widget-heading .elementor-heading-title.elementor-size-large{font-size:29px}.elementor-widget-heading .elementor-heading-title.elementor-size-xl{font-size:39px}.elementor-widget-heading .elementor-heading-title.elementor-size-xxl{font-size:59px}<\/style><h2 class=\"elementor-heading-title elementor-size-default\">Impressum<\/h2>\t\t<\/div>\n\t\t\t\t<\/div>\n\t\t\t\t\t<\/div>\n\t\t<\/div>\n\t\t\t\t\t\t\t<\/div>\n\t\t<\/section>\n\t\t\t\t<section class=\"elementor-section elementor-top-section elementor-element elementor-element-5b14043 elementor-section-boxed elementor-section-height-default elementor-section-height-default\" data-id=\"5b14043\" data-element_type=\"section\">\n\t\t\t\t\t\t<div class=\"elementor-container elementor-column-gap-default\">\n\t\t\t\t\t<div class=\"elementor-column elementor-col-100 elementor-top-column elementor-element elementor-element-dac13f7\" data-id=\"dac13f7\" data-element_type=\"column\">\n\t\t\t<div class=\"elementor-widget-wrap elementor-element-populated\">\n\t\t\t\t\t\t\t\t<div class=\"elementor-element elementor-element-04af1b5 elementor-widget elementor-widget-text-editor\" data-id=\"04af1b5\" data-element_type=\"widget\" data-widget_type=\"text-editor.default\">\n\t\t\t\t<div class=\"elementor-widget-container\">\n\t\t\t<style>\/*! elementor - v3.14.0 - 26-06-2023 *\/\n.elementor-widget-text-editor.elementor-drop-cap-view-stacked .elementor-drop-cap{background-color:#69727d;color:#fff}.elementor-widget-text-editor.elementor-drop-cap-view-framed .elementor-drop-cap{color:#69727d;border:3px solid;background-color:transparent}.elementor-widget-text-editor:not(.elementor-drop-cap-view-default) .elementor-drop-cap{margin-top:8px}.elementor-widget-text-editor:not(.elementor-drop-cap-view-default) .elementor-drop-cap-letter{width:1em;height:1em}.elementor-widget-text-editor .elementor-drop-cap{float:left;text-align:center;line-height:1;font-size:50px}.elementor-widget-text-editor .elementor-drop-cap-letter{display:inline-block}<\/style>\t\t\t\t<p><span style=\"text-decoration: underline;\"><strong>Impressum<\/strong><\/span><br \/><strong>Angaben gem\u00e4\u00df \u00a7 5 TMG<\/strong><\/p><p>Saskia G\u00fcnther<br \/>Fach\u00e4rztin f\u00fcr Gyn\u00e4kologie und Geburtshilfe<br \/>Am Poeler Tor 1<br \/>23966 Wismar<\/p><p><strong>Kontakt<\/strong><br \/>Telefon: 03841 282986<br \/>Telefax: 03841 40737<br \/>E-Mail: praxis@gyn-guenther.de<\/p><p><strong>Aufsichtsbeh\u00f6rde<\/strong><br \/>Kassen\u00e4rztliche Vereinigung Mecklenburg-Vorpommern<br \/>K\u00f6rperschaft des \u00f6ffentlichen Rechts<br \/>Neum\u00fchler Str. 22<br \/>19057 Schwerin<br \/>https:\/\/www.kvmv.de\/startseite\/<\/p><p><strong>Berufsbezeichnung und berufsrechtliche Regelungen<\/strong><br \/><span style=\"text-decoration: underline;\">Berufsbezeichnung:<\/span><br \/>Fach\u00e4rztin f\u00fcr Frauenheilkunde und Geburtshilfe<br \/><span style=\"text-decoration: underline;\">Zust\u00e4ndige Kammer:<\/span><br \/>\u00c4rztekammer Mecklenburg-Vorpommern<br \/><span style=\"text-decoration: underline;\">Verliehen in:<\/span><br \/>Bundesrepublik Deutschland<br \/><span style=\"text-decoration: underline;\">Es gelten folgende berufsrechtliche Regelungen:<\/span><br \/>Berufsordnung f\u00fcr die \u00c4rztinnen und \u00c4rzte in Mecklenburg-Vorpommern einsehbar unter:<br \/>https:\/\/www.aek-mv.de\/upload\/file\/aerzte\/Recht\/Rechtsquellen\/Berufsordnung_5_6_Aenderung.pdf<\/p><p><strong>Angaben zur Berufshaftpflichtversicherung<\/strong><br \/><span style=\"text-decoration: underline;\">Verbraucherstreitbeilegung\/Universalschlichtungsstelle<\/span><br \/>Wir sind nicht bereit oder verpflichtet, an Streitbeilegungsverfahren vor einer<br \/>Verbraucherschlichtungsstelle teilzunehmen.<\/p>\t\t\t\t\t\t<\/div>\n\t\t\t\t<\/div>\n\t\t\t\t\t<\/div>\n\t\t<\/div>\n\t\t\t\t\t\t\t<\/div>\n\t\t<\/section>\n\t\t\t\t\t\t\t<\/div>\n\t\t","protected":false},"excerpt":{"rendered":"<p>Impressum ImpressumAngaben gem\u00e4\u00df \u00a7 5 TMG Saskia G\u00fcntherFach\u00e4rztin f\u00fcr Gyn\u00e4kologie und GeburtshilfeAm Poeler Tor 123966 Wismar KontaktTelefon: 03841 282986Telefax: 03841 40737E-Mail: praxis@gyn-guenther.de Aufsichtsbeh\u00f6rdeKassen\u00e4rztliche Vereinigung Mecklenburg-VorpommernK\u00f6rperschaft des \u00f6ffentlichen RechtsNeum\u00fchler Str. 2219057 Schwerinhttps:\/\/www.kvmv.de\/startseite\/ Berufsbezeichnung und berufsrechtliche RegelungenBerufsbezeichnung:Fach\u00e4rztin f\u00fcr Frauenheilkunde und GeburtshilfeZust\u00e4ndige Kammer:\u00c4rztekammer Mecklenburg-VorpommernVerliehen in:Bundesrepublik DeutschlandEs gelten folgende berufsrechtliche Regelungen:Berufsordnung f\u00fcr die \u00c4rztinnen und \u00c4rzte in Mecklenburg-Vorpommern einsehbar [&hellip;]<\/p>\n","protected":false},"author":1,"featured_media":0,"parent":0,"menu_order":0,"comment_status":"closed","ping_status":"closed","template":"","meta":{"footnotes":""},"class_list":["post-286","page","type-page","status-publish","hentry","wpbf-post"],"_links":{"self":[{"href":"https:\/\/www.gyn-guenther.de\/index.php?rest_route=\/wp\/v2\/pages\/286","targetHints":{"allow":["GET"]}}],"collection":[{"href":"https:\/\/www.gyn-guenther.de\/index.php?rest_route=\/wp\/v2\/pages"}],"about":[{"href":"https:\/\/www.gyn-guenther.de\/index.php?rest_route=\/wp\/v2\/types\/page"}],"author":[{"embeddable":true,"href":"https:\/\/www.gyn-guenther.de\/index.php?rest_route=\/wp\/v2\/users\/1"}],"replies":[{"embeddable":true,"href":"https:\/\/www.gyn-guenther.de\/index.php?rest_route=%2Fwp%2Fv2%2Fcomments&post=286"}],"version-history":[{"count":11,"href":"https:\/\/www.gyn-guenther.de\/index.php?rest_route=\/wp\/v2\/pages\/286\/revisions"}],"predecessor-version":[{"id":359,"href":"https:\/\/www.gyn-guenther.de\/index.php?rest_route=\/wp\/v2\/pages\/286\/revisions\/359"}],"wp:attachment":[{"href":"https:\/\/www.gyn-guenther.de\/index.php?rest_route=%2Fwp%2Fv2%2Fmedia&parent=286"}],"curies":[{"name":"wp","href":"https:\/\/api.w.org\/{rel}","templated":true}]}}